/9*u/(-4). What is l(w)?
-10
Let w(l) = l**3 + 5*l**2 + 2*l - 2. Let c = 9 + -3. Suppose 4*u + c = -5*y, 3*u + 30 = -2*u + 5*y. What is w(u)?
6
Let u(h) = 5*h + 9*h + 4 - 13*h. Give u(-6).
-2
Let y(v) = v + 9. Let d be y(-4). Let c(n) = -7*n + d*n + n. Give c(4).
-4
Let a(k) = k + 4*k**2 + k + 10 + k**3 - 4. Let c(x) = x**3 - 3*x**2 - 5*x + 2. Let w be c(4). Let b(y) = -y**2. Let d be b(w). Determine a(d).
-2
Let d = 3 - 2. Let w(a) be the second derivative of a**3/3 - a**2/2 + 4*a. Calculate w(d).
1
Let c = 1 + 1. Suppose 6*g = k + g + 13, 0 = c*k + 5*g - 19. Let a(r) = -1 + r - k*r - 3. Give a(-4).
0
Let g(v) = 0*v - 4 - 1 - 2*v + 3*v. What is g(5)?
0
Let s(h) be the third derivative of -3*h**4/8 + h**3/6 - 12*h**2. Give s(-2).
19
Let n(q) = -q**3 - 8*q**2 - q - 3. Let b be n(-8). Let h(a) = -3*a**2 - 2*a - 2*a**2 - 1 + a**3 - 6. Calculate h(b).
-17
Let h be ((-6)/(-10))/(5/25). Let o(j) = 2*j**2 - j**2 - h*j**2 + j**3 + 3 - 3*j. Suppose -2*k = 4*l - 6, -4*k + 5 = -3*l - 7. What is o(k)?
3
Let h(s) = s + 11. Let g(w) = w + 12. Let f(a) = 5*g(a) - 6*h(a). Give f(-6).
0
Let m be 13 + 4*(-2)/(-8). Let q = m + -12. Let r(t) = t**3 - 2*t**2 - 2*t. Determine r(q).
-4
Let u(j) = -2*j + 3. Let o(z) = -2*z**2 - 12*z - 9. Let n be o(-4). Give u(n).
-11
Let z be (-33)/(-6) + (-2)/4. Let d(x) = -2*x**2 - 9*x - 4. Let y(i) = -3*i**2 - 10*i - 5. Let t(k) = -4*d(k) + 3*y(k). Calculate t(z).
6
Let k(l) be the second derivative of -l**4/12 - l**3/3 - l. Suppose -1 = -f + 2. Let n be -1 - (-1 - 1) - f. Give k(n).
0
Let l = -160 - -156. Let a(g) = -g**3 - 5*g**2 + g + 3. Determine a(l).
-17
Let g(r) = 14 - 3*r**2 + r**2 - 13. Let k = -2 - -3. Give g(k).
-1
Let a(w) be the second derivative of -w**5/120 + w**4/6 - w**3/3 + 2*w. Let v(p) be the second derivative of a(p). Let u be (-20)/90 + (-2)/(-9). What is v(u)?
4
Let d(z) = 2*z - 5. Let j be d(5). Let i(y) = j + y - 2 + 2*y - 2*y. Calculate i(-4).
-1
Let f(p) = -2*p + 1. Suppose 0 = -l + 6*l - 10. Suppose -5*c - 35 = 5*a, 2*c + l*c = 3*a + 7. Give f(c).
5
Let f(p) = p**2 - 3*p - 1. Let z be (57/95)/(2/10). Calculate f(z).
-1
Let u = -35 + 36. Let n(y) = 16*y. Give n(u).
16
Let r(i) = -5*i**2 + 7 + 0*i**3 + 2*i**3 - 5*i**3 - 6*i + 4*i**3. Let g(y) = y + 6. Let m be g(0). Determine r(m).
7
Let n(v) = v**3 + v**2 - 5*v. Let p(b) = b. Let a(g) = -n(g) - 5*p(g). Let d(x) = 4*x**3 - 5. Let h(s) = -5*a(s) - d(s). Calculate h(-5).
5
Suppose 6 = -4*p - 3*y - 5, -3*y - 14 = p. Let r be (-68)/(-6) + p/(-3). Suppose -3*f + r = 2. Let a(m) = 3*m. Calculate a(f).
9
Let r(i) = 8*i - 2. Let p(a) = a - 1. Let g(z) = -4*p(z) + r(z). Give g(-2).
-6
Let r(u) = u - 4. Let a = 13 - 11. Suppose -4*b + 5*b = -x + a, -5*b - x + 14 = 0. Calculate r(b).
-1
Suppose 6 = -2*g + 12, -2*g = j - 8. Let b(q) = 4*q**2 - q - 2. Give b(j).
12
Let r(y) = y - 6. Let h be r(0). Let f be (75/h)/(3/(-6)). Suppose -2*b = 3*b - f. Let u(d) = d**2 - 6*d - 1. Determine u(b).
-6
Suppose -5*z = 4*o - 29, o - 3*z = 6*o - 33. Let s(a) = 5*a**3 - 7*a + 4 + o*a**2 + 0*a**3 - 6*a**3. Calculate s(5).
-6
Let p be ((-44)/(-55))/((-4)/(-10)). Let c(o) = -2*o**2 + o - 2. Determine c(p).
-8
Let x(w) = -3*w**2 - 2*w - 1. Let l be x(-1). Let v(q) be the first derivative of 3*q**2/2 - q - 3. Calculate v(l).
-7
Let u(l) = l**3 - l**2 + 3. Let m = 13 - 13. Determine u(m).
3
Let b(a) = 6*a**3 - 2*a - 1. Let s(j) be the second derivative of -j**4/12 + j**3/2 - j**2/2 + 5*j. Let f be s(3). Determine b(f).
-5
Let x(f) be the third derivative of 0 + 2/3*f**3 - f**2 - 1/60*f**5 + 0*f + 5/24*f**4 - 1/120*f**6. Calculate x(-3).
7
Let r be 28/7 + (6 - 3) + -1. Let g(w) = -w**3 + 5*w**2 + 8*w + 1. Calculate g(r).
13
Let g(k) = -10*k. Let s(d) = -d**2 - 10*d - 2. Let o be s(-10). Let y be o/(3/((-6)/4)). What is g(y)?
-10
Let z(l) be the third derivative of 1/3*l**3 + 1/24*l**4 + 0*l - l**2 + 0. Suppose 0 = 5*j + y + 12, -4*y + 24 = -0*j - 4*j. Give z(j).
-1
Suppose -8*s - 10 + 58 = 0. Let t(u) = 2*u + 2. Determine t(s).
14
Let q = 3/434 + 127/13020. Let a(w) be the third derivative of 2/3*w**3 + 2*w**2 + q*w**5 + 0 - 1/6*w**4 + 0*w. What is a(4)?
4
Let i(o) = 2*o**2 - o - 1. Suppose 3*k - 2 = -5*r - 4, -5*k - 26 = -3*r. What is i(r)?
5
Let t be (-2 - (-1 - 0))/((-15)/(-75)). Let n(y) = -y**3 - 3 - 6*y**2 + y**2 + 0*y**2. Determine n(t).
-3
Let t(x) be the first derivative of 6*x**2 - 14*x - 6. Let o(l) = -8*l + 9. Let j(f) = 8*o(f) + 5*t(f). Determine j(3).
-10
Let s(c) = c. Let o(x) = -x**2 - 8*x - 3. Let l be o(-7). Let g(b) = 3*b**2 + 2*b + 1. Let z be g(-1). Suppose l = z*h, w = -w + 3*h - 14. Give s(w).
-4
Let l(i) = -2*i**2 + 6*i - 5*i - 3*i**3 - 2 + 0*i**2 + 5*i**3. Determine l(2).
8
Let f = -1 - -8. Let c(l) = l**3 - 8*l**2 + 8*l. Let m be c(f). Let y(h) = h**3 - 8*h**2 + 9*h - 8. What is y(m)?
6
Let i(d) be the first derivative of -d**5/20 - d**4/12 + d**3/6 - d**2 + d - 2. Let a(g) be the first derivative of i(g). What is a(-2)?
0
Let a(f) be the third derivative of f**8/20160 + f**7/1008 + f**6/360 - f**5/20 - 2*f**2. Let r(u) be the third derivative of a(u). Give r(-2).
-4
Let h(i) = 5*i - 2. Let x(m) = -m + 1. Let u(r) = -h(r) - 3*x(r). Let a(q) = 1 + q - 1 - 5. Let g be a(4). Determine u(g).
1
Suppose -21 = 5*p - 6*p. Let h(l) = -l + p*l**2 - 15*l**2 - 11*l**2. Calculate h(-1).
-4
Suppose 5*p + 0*p - 40 = -4*c, 3*c + 5*p - 35 = 0. Let t(z) = -2*z + 1. What is t(c)?
-9
Let f = 4 - 2. Suppose 2*l + f = 6. Let y(k) = -5*k + k**3 - l*k**2 + 6 - 2 + 2*k. Determine y(3).
4
Let o = 11 + -7. Let d(m) = m**2 - 6*m + 3. Determine d(o).
-5
Let u(z) be the second derivative of 0 - 1/3*z**3 - 5/12*z**4 + z**2 - z - 1/20*z**5. Determine u(-4).
-6
Let n(z) = -17*z**3 + 2*z**2 + 6*z - 1. Let y(h) = 16*h**3 - 2*h**2 - 5*h + 1. Let q(m) = -5*n(m) - 6*y(m). What is q(1)?
-10
Suppose 8 = 4*v - 4. Let b(g) be the third derivative of -g**6/120 + g**5/12 - g**4/8 - g**3/3 + 5*g**2. Calculate b(v).
7
Let i(j) = 45 - j**2 + 0*j**2 - 102 + 49 + 7*j. Give i(6).
-2
Let d(z) = -4 - 282*z + 0*z**2 + 285*z - 2*z**2. Give d(2).
-6
Let u(l) be the first derivative of -l**4/12 + l**3/2 - l**2 - 2. Let z(g) be the second derivative of u(g). Let t(v) = v**2 - v + 5. Let a be t(0). Give z(a).
-7
Let r(o) be the third derivative of -o**4/12 + 4*o**3/3 - 2*o**2. Give r(6).
-4
Let t(l) = -176 - 177 - 3*l**2 + 354. Give t(-2).
-11
Let j(u) be the third derivative of -1/8*u**4 - 1/60*u**5 + 5*u**2 - 1/6*u**3 + 0 + 0*u. Determine j(-5).
-11
Let n = -27 + 29. Let j = 8 + -1. Let h(d) = -2*d - 3*d**n + 2*d**3 - d**3 - j + 2 + 0*d. Determine h(4).
3
Let n(r) be the first derivative of r**3 + r**2/2 + 1. Suppose -3*s - 13 = -4*s - 3*g, 0 = 5*s - 5*g + 15. Let y be n(s). Let h(t) = -2*t + 5. Give h(y).
-3
Let i(v) = -2*v**2 + 2*v + 2. Suppose 5*h - 4*h = 4, -3*h = 2*x - 16. Calculate i(x).
-2
Let s(i) = -i + 4. Let h = -16 + 1. Let k = h + 18. Determine s(k).
1
Let n(j) = 2*j - 2. Suppose -d + 3*r + 15 = -0*d, 0 = 4*d - r - 27. What is n(d)?
10
Let k(f) = -4*f - 1 + f**2 + 0 + f**3 - 2 + 0. Let o(n) = n**2 - 6*n + 5. Let m be o(4). What is k(m)?
-9
Let q(t) = -2*t + 12. Let b = 67 + -59. Calculate q(b).
-4
Let j(y) = 17*y - 8. Let h(g) = 15*g - 6. Let i(r) = -7*h(r) + 6*j(r). Let s = -8 - -4. What is i(s)?
6
Let c = 12 - 18. Let u(t) = t - 1. Calculate u(c).
-7
Let w(v) = -v**3 + 8*v**2 - 6*v - 10. Let p(u) = u + 5 + 5 - 4 + 11. Let m be p(-10). Determine w(m).
-3
Let p(d) = 2 + d**3 - 7*d - d**2 - 4*d**2 + 11 - 4. Determine p(6).
3
Let j(y) = 2*y - 8. Let p be 64/12*(-6)/(-4). What is j(p)?
8
Let n(m) = 5*m**3 - 5*m**2 - 3*m - 7. Let b(k) = -6*k**3 + 5*k**2 + 4*k + 8. Let l(a) = 4*b(a) + 5*n(a). Determine l(4).
-15
Suppose -12 = 4*c, -n + 2*c + 7 = c. Let u(t) be the second derivative of 3*t + 0*t**2 - 1/12*t**n + 0 + 5/6*t**3. Calculate u(5).
0
Let d be -1 - (-7 - (-4 + 2)). Let w(l) = d*l**2 + 2 - 2*l**2 - 4*l**2 + 2*l - 1. What is w(2)?
-3
Let u(z) = -4*z + 1. Let m(n) = 3*n. Let w(k) = 5*m(k) + 4*u(k). Suppose -4 = -r - 2*t, -r + 4 = -t + 2*t. Give w(r).
0
Let x(l) = 2*l + 1. Let y be (2 - (11 - 6))*4/(-6). Calculate x(y).
5
Let t(b) = -2*b + 2. Let m be 24/(-14)*42/6. Let o be ((-2)/3)/((-8)/m). Let y(r) = -2*r**3 - r**2 - 2*r - 1. Let v be y(o). What is t(v)?
-2
Let s = 0 - 6. Let v(q) = -3*q**3 - 4*q*